 -3*t + 3 = -3*k + t, t = 5*k + 22. Let n(d) = -d**2 + 1. Let q(a) = -6*a**2 + 5*a + 7. Let z(o) = k*n(o) + q(o). What is z(5)?
2
Let q = 12 - 9. Let j(t) = -t**3 + 2*t**2 + t - 2. Calculate j(q).
-8
Let a(d) = -2*d + 2*d + d. Suppose 6 = 2*z + 2. Suppose -u = -3*x + 2, -5 = z*u - 1. What is a(x)?
0
Suppose 3*j + 5*f = -0*j + 11, -2*f = -8. Let n(b) be the second derivative of -1/2*b**3 + 0 + b - 2*b**2. Give n(j).
5
Let a(o) = -o**2 + 7*o + 5. Let r be (1*7)/(-2*(-2)/4). Calculate a(r).
5
Let i be 150/4*34/(-51). Let y = 23 + i. Let f(s) = -s**2 - 4*s - 2. Determine f(y).
2
Let t(b) be the third derivative of -b**4/24 - 5*b**3/6 + b**2. Give t(0).
-5
Let u(c) be the third derivative of c**5/60 - c**4/6 - 5*c**3/6 + 18*c**2. Determine u(4).
-5
Let j be (2 - 1)/((-3)/15). Let u(b) = 5*b**2 - 12*b - 5. Let m(d) = 2*d**2 - 4*d - 2. Let g(c) = -8*m(c) + 3*u(c). Give g(j).
-4
Let x(g) = g**2 + 1. Let u be 6*8/(-12) + 3. Give x(u).
2
Suppose -15 = -5*s + 5*i, s - 2*i - 2 = 2. Suppose -f - 3*x = -2*x - 7, -s = -2*f + x. Let m(a) = -a + 7. Determine m(f).
4
Let t(w) be the third derivative of w**6/120 + 5*w**3/6 - 6*w**2. Let v be (-9)/(-36) - (-1)/(-4). Calculate t(v).
5
Let x(z) = -3*z. Suppose -5*r + 18 = -w, -4*w = -r + 2*r - 12. Give x(r).
-12
Let w(x) = -x**3 + 8*x**2 + 4*x - 11. Let p be w(8). Let i = 29 - p. Let t = i + -11. Let u(b) = -b**2 - b + 2. Determine u(t).
-4
Let q(m) be the first derivative of -1 + 1/2*m**2 + m. Let u(f) = -f**3 - 4*f**2 - 1. Let d be u(-4). Calculate q(d).
0
Let t(m) be the first derivative of m**3/3 + m**2 - 3*m - 5. Determine t(-3).
0
Let u(d) be the second derivative of 1/12*d**4 + 7/6*d**3 + 5/2*d**2 + 3*d + 0. What is u(-4)?
-7
Let l(r) = -r. Suppose -3*x + 11 + 55 = 0. Suppose 5*q - 4*i + 28 = -0*i, 0 = -5*q + i - x. Let y(z) = -z - 1. Let o be y(q). Determine l(o).
-3
Let o(n) = 8*n**2 - 13*n + 12. Let w(r) = 7*r**2 - 12*r + 11. Let d(h) = -6*o(h) + 7*w(h). Calculate d(4).
-3
Let l(i) = i**3 + i**2 + 2. Let z = 126 - 128. Give l(z).
-2
Suppose 3*a - 26 = 5*i, -2*a + 16 = -3*i - 0*i. Suppose -p - a*p = 12. Let n be 0/(p + 0 + 2). Let u(s) = s + 4. Determine u(n).
4
Let g(x) = 3*x**2 - 4*x**2 - x**2 - 5*x**3. Let i(j) = 0*j**2 - 2*j**2 - 16*j**3 + 4*j**3 + 8*j**3. Let c(n) = -5*g(n) + 6*i(n). What is c(3)?
9
Let d(f) = -f**2 - 6*f + 2. Let v be d(-6). Let n(g) = -6*g**2 + 2*g + 3*g**2 + 5*g**v - 3*g**2. What is n(3)?
-3
Suppose 3*m - 2 = -i, 2*m - 4*i - 17 = 3. Let t(c) = -c**3 + 4*c**2 - 2*c + 3. Calculate t(m).
7
Suppose -4*n - 68 = -8. Let a be (-5)/(n/48) - 2. Suppose -5*r = -a - 11. Let i(d) = d - 5. Calculate i(r).
0
Suppose 2 = -p + 5. Let h(q) = -q**2 - q**2 - 2*q**2 + 1 + 4*q + q**3. Give h(p).
4
Let j(l) = -l**2 + 6*l. Let q be (-102)/(-14) - (-1 - 63/(-49)). Give j(q).
-7
Let y(r) = r**2 - r + 4 - 4*r - 3 + 3. What is y(5)?
4
Let l(g) = -g**2 - 6*g + 2. Let a(n) = -n + 23. Let q be a(13). Suppose 2*x - 6*x = 3*d + 64, 0 = 2*d + x + 36. Let s = q + d. Calculate l(s).
2
Suppose 5*g - 14 = -3*a, 27 = 3*g - 3*a + 9. Let v(x) = -x**3 + 4*x**2 + 4*x + 5. Calculate v(g).
21
Let f(g) be the first derivative of g**2 - 9*g + 4. Give f(6).
3
Let g(f) = 4*f**2 + f**2 - 3*f**2. Suppose -v + d + 0 - 6 = 0, d = 5*v + 18. Determine g(v).
18
Let n(r) be the second derivative of 0*r**2 + 0 + 1/40*r**5 + r + 0*r**3 - 1/720*r**6 - 1/3*r**4. Let i(k) be the third derivative of n(k). Determine i(-3).
6
Let h(v) = -2*v**3 + v**2 - 4*v + 2. Let s(m) = m**3 + m**2 - 1. Let w(q) = -h(q) - 3*s(q). Determine w(-5).
6
Let m = 31 + -13. Let t be ((-2)/3)/((-3)/m). Let w(l) = -2*l - t + l + 4*l - 7*l**2 + l**3 + 3*l. Calculate w(6).
-4
Let f(l) = -2*l**2 + 3*l - 12. Let h(k) = -k**2 + k - 1. Suppose 0 = -5*c + 5. Let a(s) = c*f(s) - 3*h(s). Suppose -v = 2*v. Calculate a(v).
-9
Let q = 51 + -47. Let g(h) be the third derivative of h**6/120 - h**5/12 + h**4/6 + 2*h**3/3 + 2*h**2. Give g(q).
4
Let d(p) be the first derivative of 1/2*p**3 - 1/120*p**6 + p**2 + 2 + 0*p - 1/30*p**5 + 1/12*p**4. Let o(q) be the second derivative of d(q). Determine o(-3).
6
Let n(q) = 2*q**2 + 7*q + 7. Let w be n(-1). Suppose 0*g - g - 5 = 0. Let v(u) = -8*u**2 - u. Let p(f) = 4*f**2 + f. Let o(j) = g*p(j) - 3*v(j). What is o(w)?
12
Let z(o) = o**2 - 6*o - 3. Suppose 4*j + 4 = 28. Calculate z(j).
-3
Let s(t) = t + 9. Let f be s(-7). Let i(b) = -b**2 - 1. Let o(j) = -2*j. Let y(q) = f*i(q) - o(q). Give y(3).
-14
Let v(a) = -a**2 - 9*a + 2. Let s(u) = -2*u**2 - 14*u + 3. Suppose 5*d = 2*d - 15. Let c(r) = d*s(r) + 8*v(r). What is c(1)?
1
Let f(h) be the first derivative of h**4/4 + 8*h**3/3 + 4*h**2 + 6*h - 10. Calculate f(-7).
-1
Let c(x) = x**2 - x + 5. Let u(d) = d**3 - 3*d**2 + 3. Let m be u(3). Let y be (-1 - (2 - m))/(-1). Give c(y).
5
Suppose 3*y + 5*z = 4 + 14, -2*y + 3*z + 12 = 0. Let l = 3 - y. Let g(k) = -k**3 - 4*k**2 - 3*k + 1. Calculate g(l).
1
Let l(b) = -3*b + b - 1 + 3*b. Let s be (25/2)/5*2. Let t be (-1 + 2 + -2)*s. Give l(t).
-6
Let a(p) = 5*p + 6. Let g(n) = 1 + 3 + 0 + 3*n + 0. Let t(v) = -5*a(v) + 8*g(v). Determine t(5).
-3
Let f(x) = x + 1. Let o(i) = -8*i - 2. Let n(r) = -3*f(r) - o(r). Give n(1).
4
Let y(z) = z**2 - 1. Let h(l) = -4*l**2 + 2*l + 4. Let a(t) = -h(t) - 3*y(t). What is a(3)?
2
Let w(m) = m - 11. Let d be w(14). Let r(v) = -v**2 - 2*v + 3. What is r(d)?
-12
Let q(t) = -t + 2. Let v be (4/(3 + -1))/(-1). Let n = -4 - v. Let c = 1 - n. What is q(c)?
-1
Let t(k) = -2*k + 7. Let l(d) = d - 4. Let n(v) = v - 5. Let q(x) = -4*l(x) + 3*n(x). Let r(w) = -3*q(w) + t(w). Let p be 20/(-6)*6/4. Give r(p).
-1
Let o = 9 - 4. Let c(x) be the third derivative of -x**6/360 + x**5/30 + x**4/8 - 4*x**2. Let l(q) be the second derivative of c(q). Calculate l(o).
-6
Let c(r) = 2*r - 9. Let i = 22 - 15. Give c(i).
5
Let w(i) = -4*i + 3 + 0 + 2*i. Let z = 6 + -3. Suppose 0*f + z*f = 9. Determine w(f).
-3
Let y(n) = n**3 + 5*n**2 - 4*n + 5. Let i = -19 - -13. Calculate y(i).
-7
Let n(s) be the second derivative of s**3/6 + s**2/2 - 10*s. Determine n(4).
5
Let r(t) be the first derivative of 2*t**3/3 + 2*t**2 + 2*t - 1. Let i = 51 + -53. Calculate r(i).
2
Let a(t) = t**2 + 5*t - 2. Suppose 7*l + 17 = -25. Calculate a(l).
4
Let z(q) = -5*q**3 + 2*q**2 + 2*q - 9. Let j(n) = 9*n**3 - 3*n**2 - 4*n + 17. Let o(d) = -6*j(d) - 11*z(d). Calculate o(3).
-6
Let u(x) = x**2 + 5*x + 3. Let n be u(-2). Let y(v) = -2*v**2 - 1. Let w(q) = 2 + 4*q**2 + 2*q**2 - q - 3*q**2. Let g(r) = n*w(r) - 4*y(r). Give g(3).
-2
Let i(l) = -3*l. Let o be 18/4*6/9. Suppose 8 = 5*r - o*t, -5 + 25 = 4*r + t. Let q = r + -5. What is i(q)?
3
Let x(k) = -2*k + 3. Let j = 21 - 19. Calculate x(j).
-1
Let v(o) = -4*o**3 - 3*o**2 + 7*o + 5. Let u(d) = 2*d**3 + 2*d**2 - 4*d - 3. Let p(k) = 5*u(k) + 3*v(k). Suppose 0*m + 3*m + 3 = 0. Calculate p(m).
2
Let d(n) = -1. Let j(t) = -t**3 + 5*t**2 + t + 4. Let x = -1 - 8. Let r(f) = f**2 + 8*f - 8. Let m be r(x). Let b(g) = m*j(g) + 4*d(g). What is b(5)?
5
Let m(o) = 13*o**2 + 4. Let f(x) = 28*x**2 + x + 9. Let g(r) = 6*f(r) - 13*m(r). Calculate g(5).
7
Let c(j) be the third derivative of j**6/120 - j**5/60 - 11*j**3/6 + 10*j**2. Determine c(0).
-11
Suppose -4*x - l + 6 = 0, 3*x = -0*x + 4*l + 14. Suppose 5*u = 12 - x. Let h(w) = -3*w - u - 3*w + 4*w + 1. What is h(3)?
-7
Let j(n) be the first derivative of -3*n + 0*n**2 - 3 + 2 - n**2. What is j(-3)?
3
Let k(r) = -1 + 1 + 1 + 0 - 5*r. Let h(i) = -4*i. Let n(g) = 4*h(g) - 3*k(g). Give n(5).
-8
Suppose -2*d - d = -2*b + 5, 3*d - 23 = -5*b. Suppose 2*l - 6 = -b. Let o(y) = 3*y**2 - y + 1. Calculate o(l).
3
Let t(i) = -5 - 1 + 5 - 6*i. Determine t(1).
-7
Let h(x) = -x**2 + x + 2. Suppose -4*r + 15 = r, 0 = c + 4*r - 17. Suppose c*v - 8 - 7 = 0. Calculate h(v).
-4
Let p(t) be the first derivative of 1 - 5/3*t**3 + 2*t**2 + 4*t + 1/4*t**4. What is p(4)?
4
Let r(c) = 3*c**2 + c. Let v be r(-1). Suppose 8 = 3*i + 2. Let z(d) = -4*d**3 - 4*d**v - d**i + 5 + 5*d**3 + 4*d. Calculate z(4).
5
Let f = 10 + -4. Let v(o) = 7*o**3 + 7*o - 10. Let a(s) = -s**3 - s - 1. Let x(n) = f*a(n) + v(n). Give x(0).
-16
Let s(i) = i**2 - 2*i - 7. Let o be 0 + (4 - (-1 + 0)). Suppose -o*b + 10 = -15. Let k be (-2)/(-1 + b)*-10. What is s(k)?
8
Let f(k) = -k**2 - 2*k - 3. Let h(p) = 2*p**2 + 4*p + 5. Let r(d) = 5*f